- 2564*n + 2277. Give r(1).
-14
Let f(g) = -g**3 - 38*g**2 - 187*g + 150. What is f(-32)?
-10
Let f(t) = -t**2 + 254829*t + 6116488. Determine f(-24).
16
Let l(o) = 2*o**2 + 124987*o + 999763. Give l(-8).
-5
Let t(s) = s**3 - 10*s**2 + 36011*s - 396258. What is t(11)?
-16
Let l(r) = -r**3 + 50*r**2 - 389*r - 6225. Calculate l(31).
-25
Let l(z) = 2*z**2 - 14220*z - 1368957. Calculate l(-95).
-7
Let q(n) = -2*n**3 - 365*n**2 - 540*n + 508. Give q(-181).
-35
Let s(y) = -402*y**3 + 68*y**2 - 72*y - 140. Calculate s(-1).
402
Let z(d) = d**3 - 28*d**2 + 45*d - 203. What is z(25)?
-953
Let n(a) = -21752*a + 217530. Give n(10).
10
Let f(w) = -1952*w**2 - 56606*w + 50. What is f(-29)?
-8
Let u(s) = 2*s**3 - 1281*s**2 + 612*s + 17870. Determine u(640).
-50
Let o(a) = -2500*a + 42296. Give o(17).
-204
Let g(k) = 40*k**2 - 1218*k + 5908. What is g(5)?
818
Let i(l) = l**3 - 12*l**2 - 10*l + 55. What is i(9)?
-278
Let h(f) = -12422*f - 24861. What is h(-2)?
-17
Let a(z) = 104723*z - 942501. Calculate a(9).
6
Let h(u) = 8*u**2 + 437*u - 4243. Determine h(-63).
-22
Let x(s) = 45*s + 132. Determine x(9).
537
Let i(u) = -259*u - 1153. Calculate i(-5).
142
Let b(d) = d**3 + 53*d**2 - 789*d - 672. What is b(-65)?
-87
Let g(i) = 14*i**2 + 1080*i + 1061. Give g(-76).
-155
Let b(x) = -5*x**2 + 446*x + 249. Give b(0).
249
Let s(p) = -5*p**2 - 166*p - 179. Determine s(-41).
-1778
Let v(t) = -5*t**3 - 676*t**2 - 9538*t - 51. Give v(-16).
-19
Let a(t) = 30*t**2 - 2725*t + 10882. Calculate a(4).
462
Let z(n) = -761*n + 146129. Calculate z(192).
17
Let a(p) = 35*p**2 + 7425*p + 1057. Determine a(-212).
-3
Let p(v) = -3*v**3 - 31*v**2 + v - 384. Calculate p(-12).
324
Let h(a) = 130*a**2 + 3146*a + 48. Give h(-23).
-3540
Let g(k) = 288050*k - 6913213. Determine g(24).
-13
Let j(x) = x**3 - 352*x**2 - 617*x - 32283. Calculate j(354).
-69
Let y(b) = -b**2 - 87*b + 3414. Determine y(-112).
614
Let v(q) = 45*q**2 - 157*q + 214. Give v(2).
80
Let y(s) = -12*s**2 - 14*s + 153. Give y(4).
-95
Let i(j) = 321*j - 18479. Calculate i(62).
1423
Let n(c) = 41*c**2 + 459*c + 771. What is n(-2)?
17
Let b(c) = 2*c**3 + c**2 + 2881*c + 94. Determine b(0).
94
Let r(o) = -o**3 - 50*o**2 - 358*o - 5981. Determine r(-45).
4
Let f(k) = -27*k**3 + 49*k**2 - 12*k + 2. Determine f(2).
-42
Let u(z) = 9*z**2 + 945*z - 2799. What is u(3)?
117
Let f(w) = -w**3 + 399*w**2 - 38533*w - 1141. Determine f(164).
7
Let c(g) = -g**3 - 77*g**2 - 42*g + 8074. Give c(-75).
-26
Let n(p) = 41*p**2 - 3482*p - 245. Give n(85).
10
Let x(s) = 3419*s - 6405. What is x(2)?
433
Let m(b) = 72*b**2 - 1910*b - 925. Calculate m(27).
-7
Let g(v) = -v**2 + 1445*v - 10077. Calculate g(7).
-11
Let i(y) = y**3 - 36*y**2 + 18*y - 277. What is i(35)?
-872
Let a(v) = -v**2 - 188*v - 7160. Determine a(-53).
-5
Let p(l) = -9*l**3 - 34*l**2 - 32*l - 60. What is p(-7)?
1585
Let b(c) = c**3 + 49*c**2 + 656*c + 288. Give b(-21).
-1140
Let l(p) = -p**2 - 56*p + 254. Determine l(-22).
1002
Let j(h) = 2*h**2 + 2476*h + 114234. What is j(-48)?
-6
Let d(b) = 6073*b - 880664. Give d(145).
-79
Let i(k) = -k**2 - 138*k + 16082. What is i(76)?
-182
Let k(i) = -5*i**2 + 18729*i - 130861. What is k(7)?
-3
Let h(m) = -124*m**2 + 384*m - 192. Determine h(2).
80
Let d(l) = -l**3 - 24*l**2 - 32*l + 121. Give d(-18).
-1247
Let t(y) = 557*y + 3369. What is t(-7)?
-530
Let n(g) = -32038*g + 544549. Give n(17).
-97
Let k(m) = -1433*m - 22825. What is k(-16)?
103
Let n(s) = 2*s**3 + 32*s**2 + 20*s + 115. What is n(-15)?
265
Let q(j) = -j**2 - 178*j + 64129. Determine q(179).
226
Let s(o) = 1675*o + 336681. Give s(-201).
6
Let y(z) = z**3 - 6*z**2 + 2057*z - 46734. Give y(20).
6
Let w(s) = 1250707*s - 2501410. Calculate w(2).
4
Let g(h) = 5126*h - 34598. Determine g(7).
1284
Let t(b) = 386087*b + 2316497. Give t(-6).
-25
Let n(g) = -2*g**2 + 69*g + 78790. Calculate n(-182).
-16
Let k(d) = -11418*d - 707909. Give k(-62).
7
Let j(q) = 10*q**2 - 4209*q - 29382. Calculate j(-7).
571
Let d(m) = -113*m**2 - 180*m - 77. Give d(-1).
-10
Let r(h) = h**2 - 85*h + 258. Give r(89).
614
Let b(h) = -h**2 + 8887*h + 62249. Determine b(-7).
-9
Let t(l) = 7*l**2 - 2313*l + 124201. Give t(263).
65
Let z(f) = 3*f**3 - 195*f**2 + 1109*f + 52. Determine z(6).
334
Let t(n) = n**3 + 55*n**2 + 14*n + 7440. What is t(-57)?
144
Let z(s) = 95*s**3 - 946*s**2 - 42*s - 6. Determine z(10).
-26
Let d(c) = -4*c**2 - 2682*c - 97329. Calculate d(-632).
-1
Let d(l) = -272181*l - 134. What is d(0)?
-134
Let w(b) = -b**2 + 45*b - 286. Calculate w(40).
-86
Let f(l) = -75881*l + 531166. Give f(7).
-1
Let d(f) = -4614*f - 64596. Calculate d(-14).
0
Let v(t) = 5829*t + 1655438. Calculate v(-284).
2
Let b(j) = -3*j**3 + j**2 + 1432*j - 53. Give b(0).
-53
Let t(w) = -3172*w - 43413. Calculate t(-14).
995
Let u(l) = 1657*l**2 + 38080*l - 660. Determine u(-23).
53
Let m(f) = 2*f**2 - 12624*f + 201469. Calculate m(16).
-3
Let m(h) = -58*h + 585. What is m(11)?
-53
Let k(b) = 3*b**3 + 203*b**2 + 1574*b + 1. Determine k(-9).
91
Let y(r) = 19*r**2 + 621*r + 2513. Calculate y(-4).
333
Let o(p) = -68*p**2 - 52878*p + 20223. Determine o(-778).
-5
Let s(g) = -g**2 - 256*g + 6. Determine s(3).
-771
Let b(g) = -g**3 + 7*g**2 + 209*g + 2077. Give b(0).
2077
Let x(m) = 49*m + 2668. Determine x(-54).
22
Let i(l) = 7905*l - 77176. What is i(10)?
1874
Let p(w) = 69*w**2 - 35*w + 85. Calculate p(4).
1049
Let r(t) = -5*t**3 - 29*t**2 + 246*t + 861. Calculate r(-3).
-3
Let k(h) = h**3 + 14*h**2 - 3095*h - 5244. Determine k(50).
6
Let w(a) = -2*a**3 - 1089*a**2 - 155*a + 211545. Determine w(-544).
-71
Let z(o) = o**3 + 59*o**2 + 13193*o - 40120. Calculate z(3).
17
Let b(w) = 32494*w + 3411843. What is b(-105)?
-27
Let v(u) = -3*u**3 - 430*u**2 - 2527*u - 277. Give v(-6).
53
Let s(y) = y**3 + 214*y**2 - 1371*y + 1993. What is s(4)?
-3
Let k(l) = -7553*l - 15101. Determine k(-2).
5
Let v(s) = 22*s**2 - 251*s - 460. What is v(13)?
-5
Let s(a) = 4000*a + 1143994. What is s(-286)?
-6
Let i(w) = -5156*w - 860930. Determine i(-167).
122
Let n(x) = -x**2 + 51*x - 603. Give n(38).
-109
Let b(j) = 461*j**2 - 2380*j - 10. Determine b(5).
-385
Let d(q) = 293*q - 2122. Determine d(10).
808
Let z(k) = -63208*k + 12199143. Calculate z(193).
-1
Let c(f) = -f**3 - 57*f**2 - 827*f - 158. Calculate c(-35).
1837
Let w(c) = 91*c**2 + 2373*c - 2370. Calculate w(1).
94
Let p(l) = 27*l**3 + 278*l**2 + 624*l + 24. Determine p(-7).
17
Let f(c) = 6*c**2 - 422*c - 3461. What is f(78)?
127
Let f(m) = m**2 - 2704*m - 2764518. Calculate f(-791).
27
Let c(z) = -2*z**3 + 457*z**2 + 206*z + 5269. Give c(229).
2
Let w(g) = -14555*g - 12764723. What is w(-877)?
12
Let m(o) = 10*o**3 + 50*o**2 - 254*o - 792. Calculate m(-7).
6
Let s(d) = -3*d**3 + 720*d**2 - 873*d + 209510. Calculate s(240).
-10
Let x(m) = -15*m**2 + 151*m - 297. Determine x(2).
-55
Let a(j) = -j**3 + 17*j**2 - 56*j + 800. Calculate a(12).
848
Let u(x) = 27*x**3 - 54*x**2 - 12303*x + 24597. Give u(2).
-9
Let u(r) = -2*r**3 - 10*r**2 + 537*r + 241. Calculate u(-18).
-1001
Let h(z) = -19075*z - 1220784. Determine h(-64).
16
Let q(z) = -16*z**3 + 880*z**2 - 31*z - 49. What is q(55)?
-1754
Let u(r) = 834*r + 8685. Determine u(-12).
-1323
Let w(n) = -2221*n + 21975. What is w(10)?
-235
Let w(c) = -2*c**3 - 619*c**2 + 4461*c - 145. Give w(7).
65
Let o(y) = 3*y**3 - 13*y**2 + 23*y + 111. What is o(6)?
429
Let n(o) = -126*o**2 + 97415*o - 13146. Calculate n(773).
-5
Let h(j) = 2090842*j - 4181679. Determine h(2).
5
Let f(l) = -53*l + 3523. Give f(61).
290
Let l(j) = 3*j**3 - 118*j**2 - 2872*j + 59. Give l(-17).
42
Let z(v) = v**3 - 6*v**2 + 91*v - 1065. What is z(9)?
-3
Let k(r) = -r**3 + 63*r**2 + 3644*r - 229684. Calculate k(62).
88
Let d(z) = -z**3 - 92*z**2 + 2916*z + 196. What is d(25)?
-29
Let h(v) = 2*v**2 + 909*v + 48674. Calculate h(-62).
4
Let a(w) = 26*w**2 - 963*w - 5689. Calculate a(-6).
1025
Let j(n) = -14299*n - 14219. Determine j(-1).
80
Let p(q) = -195*q + 37990. Calculate p(221).
-5105
Let k(p) = p**2 - 377127*p - 377129. Calculate k(-1).
-1
Let g(c) = -2*c**3 - 15*c**2 - 21*c + 20. Calculate g(-2).
18
Let v(y) = -22*y**3 + 30*y**2 + 69*y - 149. What is v(2)?
-67
Let y(q) = -4338*q - 2507339. Determine y(-578).
25
Let d(r) = r**3 + 74*r**2 + 631*r + 1111. Give d(-7).
-23
Let p(